r of w and 231.
21
Let v(s) = -s**2 + 4*s - 3. Let l be v(2). Calculate the highest common divisor of l and 1.
1
Suppose j = -5*x + 169, -j - x + 3*x + 190 = 0. Suppose 3*b + o = -b + 96, -3*b + 5*o = -49. Calculate the greatest common divisor of j and b.
23
Let z be (-202)/(-14) + (-33)/77. Suppose 0 = -4*h + 5*q + 84, -9 - 12 = -h + 5*q. What is the highest common factor of h and z?
7
Suppose c + 4*a + 490 = 6*c, -c + 77 = -5*a. Let h(g) = g**3 - g**2 - 8*g + 1. Let f be h(4). Calculate the highest common factor of c and f.
17
Suppose -3*p + 63 = -3*w, -2*p + 5*w = w - 44. Let n be 5 + (3/1 - 4). Calculate the highest common divisor of p and n.
4
Let w = -4 - -14. Suppose -s = 3*f - 31 + 2, 2*f = 4*s + w. Calculate the greatest common factor of 36 and f.
9
Let i = 71 - 38. What is the greatest common divisor of i and 22?
11
Suppose -14*f + 11*f = -450. What is the greatest common factor of f and 15?
15
Let m(j) be the second derivative of j**5/20 + 20*j**2 - 3*j. Let w be m(0). Calculate the highest common factor of w and 8.
8
Let i be (1 - -1)/(3/6). Suppose -4*x - 5*w = 20, 16 = -2*x + 7*x - i*w. Let q be -3 + 2 + x - -27. Calculate the greatest common divisor of 65 and q.
13
Let c(t) = t**3 - 6*t**2 + 3*t + 17. Let h be c(5). Calculate the highest common divisor of h and 119.
7
Suppose 0 = -2*a - 0*a + 32. Suppose 0 = -8*f + 10*f - 8. What is the highest common divisor of a and f?
4
Let r = 1364 - 768. Suppose -2*d + 2*b + 312 = 4*b, -3*b = -4*d + r. What is the highest common divisor of d and 19?
19
Let v = 62 + -34. Let f(k) = 4*k**3 + k**2 + 1. Let l be f(-2). Let p = 41 + l. Calculate the greatest common divisor of v and p.
14
Suppose -3*r + 16 = r. Let o(x) = -x**3 + 3*x**2 + 6*x - 6. Let s be o(r). Let f be (2/3)/(s/24). Calculate the greatest common divisor of f and 1.
1
Let v = -8 + 27. What is the highest common divisor of 76 and v?
19
Let g = 24 - 6. What is the greatest common divisor of 45 and g?
9
Suppose -5*z + 73 = 3. Let l = 1 + z. Suppose -3*r + 0*r = -l. What is the greatest common factor of 20 and r?
5
Let o be -6 + 11 - 12/3. Calculate the greatest common divisor of o and 2.
1
Suppose 3*w = 5*k - 49, -k = 3*k + 4*w - 20. What is the greatest common divisor of 56 and k?
8
Suppose -4*j - 8 = -4*g, -j + 2 - 12 = -3*g. Let o = j - -2. Let w(m) = 2*m**2 - 4*m + 2. Let s be w(5). Calculate the greatest common divisor of o and s.
4
Let a = 21 + 8. Suppose 0 = 2*d + d - 435. Calculate the greatest common divisor of d and a.
29
Let s(r) = 3*r - 6. Let x be s(12). Suppose q = -2*q + x. Let l be (-8)/(2/(-40)*2). Calculate the greatest common divisor of q and l.
10
Let p = 40 + 12. Let a be 2/(-5) - p/(-5). What is the highest common factor of a and 50?
10
Suppose 0 = 4*x + 15 - 147. Calculate the highest common factor of x and 22.
11
Let w(o) = -5*o**2 - 2*o**3 + 4 - 5*o - o**3 + 4*o**3. Let u be w(6). Suppose 19 = 3*n - 26. Calculate the highest common factor of n and u.
5
Let w be 221/5 + 6/(-30). What is the greatest common divisor of 4 and w?
4
Let b be 65/10 - 2/4. Let j be 5/(15*4/24). What is the highest common divisor of b and j?
2
Suppose 0 = -4*q + 3*q - 13. Let m be -1 - -1 - (-12 + q). Calculate the highest common divisor of 5 and m.
5
Let a(i) = i**2 + 10*i - 1. Let l be a(-11). Calculate the greatest common divisor of 4 and l.
2
Suppose 5*b + 0*k - 2*k = 810, 3*k = -3*b + 465. Suppose 4*m - b = 4*n, -70 = -2*m - n - 2. What is the highest common divisor of 24 and m?
12
Let p(a) = a**2 + 3*a. Let u be p(-4). Suppose -102 = -u*s + 74. Suppose -2*d + 5*t = -66 - s, 3*d = -3*t + 186. What is the highest common divisor of d and 24?
12
Let k = -2 - -2. Suppose k = i - 7 - 0. Let c(r) = r**3 + 14*r**2 + 18*r + 5. Let b be c(-12). Calculate the highest common factor of i and b.
7
Let h(k) = -k**3 + 14*k**2 + 2*k - 10. Let w be h(14). Calculate the highest common divisor of w and 6.
6
Let m be (-1)/(1*2/806). Let o = -270 - m. Suppose 4*a - 11 = o. Calculate the greatest common factor of 4 and a.
4
Suppose 3*k = 9, -5 = -4*x - k + 18. Suppose x*h - 366 - 39 = 0. What is the greatest common divisor of h and 9?
9
Suppose 7 = c + 2. Suppose -5*v - 10 = 0, -c*u + 5*v = -37 - 78. Calculate the highest common divisor of 231 and u.
21
Suppose y + 48 = 9*y. Calculate the greatest common factor of y and 30.
6
Suppose 7*n - 97 - 15 = 0. What is the highest common factor of n and 32?
16
Let i(s) be the first derivative of s**4/4 - 8*s**3/3 - 9*s**2/2 + 11*s - 4. Let d be i(9). What is the greatest common factor of d and 55?
11
Let y(r) = -2*r - 8. Let h be y(-8). What is the highest common factor of h and 8?
8
Suppose 0 = -9*w - 28 + 325. What is the highest common divisor of 66 and w?
33
Let h(z) = -4*z**2 - 2*z - 12. Let f(r) = -3*r**2 - r - 8. Let b(m) = -7*f(m) + 5*h(m). Let p be b(5). What is the greatest common factor of 2 and p?
2
Let y(i) = -5*i - 41. Let c be y(-21). Calculate the highest common divisor of 8 and c.
8
Let i(m) = 4*m**2 - m. Let z be i(-1). Suppose 0 = -t - z*j + 32, 0 = -j + 3. Let r = -6 + t. What is the highest common divisor of r and 55?
11
Let b be (1/2)/(1/4). Let r be (-17)/b*(-6)/3. Suppose -2*g - 6*g + 952 = 0. Calculate the greatest common factor of r and g.
17
Suppose 15*g - 64 = 11*g. Calculate the greatest common factor of g and 16.
16
Let k = -10 + 27. What is the highest common factor of k and 34?
17
Let z = 127 - 72. What is the highest common factor of z and 11?
11
Let v be (-2 + (-16)/(-12))*-18. Calculate the greatest common divisor of 8 and v.
4
Let c = 34 - 22. Let s(u) = 18*u + 6*u + 0*u. Let i be s(1). Calculate the greatest common divisor of i and c.
12
Let a be (-20)/2*15/(-6). What is the greatest common divisor of 10 and a?
5
Let p be (-15)/6*(2 - 10). What is the greatest common factor of 100 and p?
20
Suppose 5*v + 5 = 10*v. What is the greatest common factor of 4 and v?
1
Let i = -3 + 9. Let g(j) = -j**2 - 10*j + 2. Let d be g(-10). What is the greatest common divisor of d and i?
2
Let n be -63 - (3 + 1 + -1). Let h = n + 110. Suppose 3*r = -5*k + h + 100, -5*r = -2*k + 70. Calculate the greatest common divisor of k and 75.
15
Let p = 17 - 12. Let s(k) = 2*k**2 - 12*k + 7. Let m be s(9). Suppose 2*f - f = -5*t + 7, t = p*f - m. Calculate the greatest common factor of 24 and f.
12
Let s(j) = j**3 + 13*j**2 + 8*j + 7. Let g be s(-12). What is the greatest common divisor of 5 and g?
5
Suppose -1980 = -5*n - 4*n. Calculate the highest common divisor of 88 and n.
44
Let k be ((-288)/(-10))/(2/10). Calculate the greatest common divisor of 18 and k.
18
Let s be 0 - (-1 + 1)*1. Suppose 0 = c - 6 - s. Let d(z) = -z**2 + 8*z + 2. Let h be d(c). What is the highest common factor of h and 35?
7
Let b(u) = 19*u**2 - u. Let a be b(1). Calculate the greatest common divisor of 162 and a.
18
Let z = -16 + 19. What is the greatest common factor of 2 and z?
1
Suppose 0*r = -r - u - 11, 2*r - 2*u = -18. Let v be 2/(-1) - -3 - r. Suppose 10 = 2*b + 4*o - 12, 0 = -3*o. What is the greatest common factor of b and v?
11
Let f = 2 - 0. Let q be 241/f + (-8)/(-16). Calculate the greatest common factor of q and 11.
11
Let p be (-24)/10*(0 + -10). Calculate the highest common factor of 216 and p.
24
Let i be (21/(-6)*6)/(-1). Let z = -29 + i. Let h = -3 - z. What is the highest common divisor of h and 15?
5
Suppose -o = 4*x - 8*x, -3*o - 3*x = 15. Let u = 11 - o. Let b(t) = t**2 - 2*t - 5. Let r be b(10). Calculate the greatest common divisor of u and r.
15
Let f be (-3)/(-2) - 57/2. Let d = f + 72. Calculate the greatest common divisor of d and 9.
9
Let m(g) = -g - 5. Let q be m(-13). Calculate the highest common factor of 56 and q.
8
Let r = 34 - -11. Let m be 23/(-7) - 6/(-21). Let n = 8 + m. Calculate the greatest common divisor of r and n.
5
Suppose 2*i + 9 = 57. What is the greatest common factor of 48 and i?
24
Let w(j) = j**3 - 3*j**2 - 3*j + 1. Let h be w(2). Let g be 2/9 - 79/h. Let s = g + -3. Calculate the highest common factor of s and 42.
6
Let y(c) be the third derivative of -c**4/24 - c**3/3 - 4*c**2. Let r be y(-8). What is the highest common factor of r and 60?
6
Suppose 3*h - 84 = -3*g, -3*h - 3*g + 132 = 2*h. Let b = -6 - -14. What is the greatest common divisor of b and h?
8
Let g be